its digit of i?
1
Let b be 0 + 7*(4 + -2). Suppose 3*i = 25 + b. What is the units digit of i?
3
Let m = -772 + 1088. What is the hundreds digit of m?
3
Let g = 50 - 30. Suppose -8 = 4*r - g. Let q = 9 - r. What is the units digit of q?
6
Let n(a) = a**2 - 2*a + 3. Let i(y) = y**3 - 7*y**2 - 5. Let o be i(7). Let w be (-2 - o)*2/3. What is the units digit of n(w)?
3
Let g(w) = 4*w**2 + w + 4. What is the units digit of g(-3)?
7
Let v be -1 - 2/(-4 + 2). Let d = 9 - 4. Suppose -d*k + 7 + 33 = v. What is the units digit of k?
8
Let b(v) = 2*v + 10. Let m be b(0). Suppose -m = -2*l - 2, 3*c - 49 = -l. What is the tens digit of c?
1
Suppose -3*o + 6*o - 75 = -2*l, 0 = -5*l + 3*o + 156. What is the tens digit of l?
3
Let a(j) = -j**2 + 5*j**3 - 2*j**2 - 3*j**3. Let r be a(2). What is the units digit of -6*(2/r - 2)?
9
Let d = -143 - -189. What is the tens digit of d?
4
Suppose -3*z = 5*j - 4, 5*z - 1 = -2*j + 12. Suppose 6*d - 21 = z*d. What is the units digit of d?
7
Let w = 12 + -8. Suppose w*x - 98 = 34. What is the units digit of x?
3
Suppose -3*j = 4*j - 539. What is the tens digit of j?
7
What is the units digit of (-2)/4*14*-24?
8
Let r = 3 + -1. Suppose 12 = 3*m - 7*m, 0 = 2*w - r*m - 62. What is the tens digit of w?
2
Let s(c) = -c**3 - 9*c**2 - 9*c - 6. Let r be s(-8). Suppose -r*x + 47 + 13 = 0. What is the units digit of x?
0
Suppose 2 = t - 1. What is the units digit of 28/6 - (-1)/t?
5
Let f(m) = -m**2 - m - 1. Let x be f(-3). Let o be ((-2)/5)/(x/(-105)). Let y = 10 + o. What is the units digit of y?
4
Let l(r) = -r. Let j(g) = -7*g + 2. Let b(n) = -22*n + 7. Let o(h) = -2*b(h) + 7*j(h). Let k(c) = -4*l(c) + o(c). What is the units digit of k(-8)?
8
Let v = -5 - -5. Suppose 2*m + v = -2. What is the units digit of -1 + (-1 - m) + 6?
5
Let c(t) = -1 - t + 4*t**2 - t**2 - t**2 + 3*t. What is the tens digit of c(3)?
2
Let r(k) = -k**2 + 2*k - 2. Let o be r(2). Let s = 2 - o. Let z = -3 + s. What is the units digit of z?
1
Let f be 2*((-2)/(-4))/(-1). Let b be -2 + f + (-2 - -21). Suppose -34 = -5*p + b. What is the tens digit of p?
1
What is the units digit of (3*2)/((-16)/(-360))?
5
Let k be (0 - -2 - 0) + 0. Suppose -2*r + 10 = k*i, 16 = 2*i - 0*r - 4*r. Let y = i + -2. What is the units digit of y?
4
Let r = -6 + 11. Suppose -2*d + r = -w, 0 = w - 2*d + 4*d - 11. Let p(u) = u**2 - u - 4. What is the units digit of p(w)?
2
Let c(p) = p**2 - 2*p + 37. What is the tens digit of c(0)?
3
Suppose 7*b = 448 + 539. What is the hundreds digit of b?
1
Suppose 3*z + 78 = -5*d + z, 0 = d - 2*z + 18. Let p = 48 + d. Suppose -4*q + p = 5*i, 0 = -9*q + 4*q - 4*i + 49. What is the tens digit of q?
1
Let n(m) = -m**3 + 59 - 54 - 7*m + 0*m**3 - 8*m**2. Suppose i + 3*g + 7 = 7*g, -2*i - 14 = g. What is the units digit of n(i)?
5
Let l = 35 - 9. What is the units digit of l?
6
Suppose 5*m = 3 + 17. Suppose -m = 2*c - 7*c - 2*y, -5*c = -y + 2. Suppose c = -0*a - a + 5*l - 4, 0 = 3*a + 5*l - 28. What is the units digit of a?
6
Let b(t) = -t**2 - 6*t + 10. What is the units digit of b(-7)?
3
Let g = 4 + 16. Suppose -5 = 5*q - g. What is the units digit of q?
3
Let z(b) = -7*b**2 - b - 2. Let l be z(-2). Let g be (-8)/l*(7 + 0). What is the units digit of g + (4 - 2/1)?
4
Let o be (-22)/(-6) + 2/(-3). Suppose o*c + f - 10 - 1 = 0, -2*c = 5*f + 10. Suppose c*d + 0 = 5. What is the units digit of d?
1
Suppose 0*s = 5*p - 4*s - 60, 0 = 3*p + s - 36. Let v be p/(-66) - (-189)/11. Suppose -d + 1 = -2*k - 0, -3*d - k + v = 0. What is the units digit of d?
5
Let t(x) = -x - 2. Let d be t(-4). What is the units digit of 1*(-15)/(-6)*d?
5
Suppose -2*o - o - 51 = -3*h, -2*o = 4*h - 98. Suppose -3*a - 2*a - 20 = 0, 3*q + 5*a - h = 0. What is the tens digit of q?
1
Suppose 3*m = -2*o + 10, 4*o - 13 - 7 = 3*m. Suppose 7*d - 2*d - 210 = m. Let w = -29 + d. What is the tens digit of w?
1
Let y = -10 - -12. Suppose -y = 3*u - 11. Suppose -21 = -u*b + 33. What is the units digit of b?
8
Let v(h) = h**3 - 8*h**2 + h + 16. What is the tens digit of v(8)?
2
Suppose 0 = 3*f - 0*f. Suppose f*w = -2*w - 18. Let h(p) = p**3 + 9*p**2 - 2*p - 8. What is the tens digit of h(w)?
1
Suppose 0 = -3*r - 4*m - 48 + 228, 4*r = -2*m + 230. Suppose 252 = -4*o - r. What is the units digit of o/(-14) + 3/(-2)?
4
Let j(r) = r**3 - 6*r**2 + 6. Let b = 0 - -6. What is the units digit of j(b)?
6
Suppose 3*w + 2*t - 3*t = 5, -5*t + 1 = -2*w. Suppose -2*q + 48 = w*q. What is the tens digit of q?
1
Suppose -10*j + 249 + 561 = 0. What is the tens digit of j?
8
Let b be (-2)/(-3)*(-45)/(-10). Let k be 0/b + 0 + 0. Suppose -4*o - 38 = -2*v, k*v + 61 = 4*v - 5*o. What is the units digit of v?
9
Suppose 0 = 2*b - 4*s - 12 - 6, 0 = b + 2*s - 13. What is the tens digit of b?
1
Suppose 5*r = -f + 194, 2*r - 2*f - 35 = 45. Suppose 5*c + 75 = 5*k, -c + r = 2*k - 0*k. What is the tens digit of k?
1
Let s(q) = 25*q**2 - 6*q - 3. What is the hundreds digit of s(-2)?
1
What is the units digit of (-4 - -3)*(0 + -79)?
9
Let y be (7/(-4) + 2)*4. Let d(j) = -j - 6*j**2 + 4*j**2 + 4*j**2. What is the units digit of d(y)?
1
Suppose 0 = 2*y + 3*r - 4, -3*y - r = r - 11. Suppose 5 = -2*g - o, 6*o - 2*o = -20. Suppose -2*z - y + 9 = g. What is the units digit of z?
2
Suppose -o + 2 = -1. Let l be -6 + 3 - -3 - o. What is the units digit of (-26)/l - 4/6?
8
Let s(w) = -35*w + 6. What is the tens digit of s(-5)?
8
Suppose -4*g + 13 = -91. Suppose -3*i + 59 = -4*t, 3*i + 14 = -5*t - g. Let u = t - -20. What is the units digit of u?
9
Let u be (-11)/(-3) - 4/6. What is the units digit of (-1 - -4) + -2 + u?
4
Let n be 8/(-12) - (-40)/6. Suppose -15 = -o - n. What is the units digit of o?
9
Let x = 17 - 10. Suppose 4*c + 2*y - x = y, -2*y + 8 = 2*c. What is the units digit of c?
1
Suppose 0 = 4*h - x - 550, 0 = -h - h + 4*x + 282. What is the hundreds digit of h?
1
Let z(u) = u**3 - 13*u**2 + 3*u + 3. Let n(d) = -d**2 + d - 1. Let j be 30/7 + 4/(-14). Let w(i) = j*n(i) - z(i). What is the units digit of w(9)?
2
What is the units digit of 3/2*(-144)/(-8)?
7
Suppose h - 132 = -5*i, 3*i - 3*h - 42 = 48. What is the tens digit of i?
2
Suppose 4*r = 0, 2*x - 5*r = 4*x - 120. What is the units digit of (32/4)/(8/x)?
0
Let w be 1*-3 + 18/6. Let v(d) = d**3 + 2 + 3 + w - 4 - 6*d**2. What is the units digit of v(6)?
1
What is the units digit of (5 - 9) + 3*49?
3
Let u(n) = -7*n - 18. What is the units digit of u(-8)?
8
Let b(h) = -h**3 + 9*h**2 - 8*h + 5. Let x be b(8). Suppose -3*q - g - 9 = -4*q, 4*q - 5*g = 41. Let p = x - q. What is the units digit of p?
1
Suppose 29 = 3*y + 5*m, y - 2*m - 36 = -8. Let o = 37 - y. Suppose d + o = 2*d. What is the tens digit of d?
1
Let z = -3 - -2. Let d = z + 17. What is the units digit of d?
6
Suppose -59*l + 54*l = -1270. What is the hundreds digit of l?
2
Let t(y) = 7*y + 2. Let l be (2/4)/((-1)/(-4)). What is the tens digit of t(l)?
1
What is the hundreds digit of 3 - (-2942)/26 - (-8)/(-52)?
1
Suppose -2*x = -54 + 10. What is the units digit of x?
2
Let f be 3/(-6) - 1/2. What is the tens digit of ((-2)/(-5))/(f/(-60))?
2
Let y = 1 + -1. Let d be (y + 1)/(1/45). Suppose -d = -5*b + 3*f, -5*b + 2*f - 1 = -41. What is the units digit of b?
6
Suppose 10 = 4*u - 2*u. Suppose 0 = b - u - 19. What is the tens digit of b?
2
Let p be 994/8 - 4/16. What is the tens digit of (3/(-3))/((-4)/p)?
3
Let j(k) = -k**3 + 15*k**2 + 1. What is the units digit of j(15)?
1
Let i(x) = x**3 - 3*x**2 - x - 1. Suppose 2 = 5*n - 18. What is the units digit of i(n)?
1
Suppose 2*s - 7 = s. Let j = -4 + s. Let h = 10 + j. What is the units digit of h?
3
Suppose -3*o + 3 = 9. What is the units digit of (7*o)/(6 - 8)?
7
Let g(i) = i - 1. Let o be g(7). Suppose -w + 0*w - o = -4*c, -3*w = -c - 4. Suppose 4 = w*v, -2*j - 14 = -6*j + v. What is the units digit of j?
4
Let v(m) = m**2 - 1. Let u(k) = 4*k**2 - 7*k - 5. Let r(b) = u(b) - 3*v(b). What is the tens digit of r(10)?
2
What is the hundreds digit of (-15)/5 + 118 + 0/1?
1
Let o(w) = w**2 + 2*w + 1. What is the units digit of o(-2)?
1
Suppose 4*f = 181 - 17. What is the tens digit of f?
4
Suppose 39 = 3*g - 36. Suppose -12 = 5*i - 4*a + g, 2*i = -3*a - 1. Let f = i - -14. What is the units digit of f?
9
What is the tens digit of -3 + (50 + -1 - -3)?
4
Let o(b) = b**3